{"id":461,"date":"2016-03-31T16:04:22","date_gmt":"2016-03-31T16:04:22","guid":{"rendered":"http:\/\/wp.magnium-themes.com\/thebuilt\/thebuilt-2\/?page_id=461"},"modified":"2021-12-21T14:13:31","modified_gmt":"2021-12-21T14:13:31","slug":"regularizacao-execucao-engenharia-de-projetos","status":"publish","type":"page","link":"https:\/\/satoengenharia.com.br\/site\/regularizacao-execucao-engenharia-de-projetos\/","title":{"rendered":"Servi\u00e7os"},"content":{"rendered":"<p>[vc_section el_id=&#8221;regularizacao&#8221;][vc_row][vc_column width=&#8221;1\/3&#8243;]<style scoped='scoped'>.mgt-promo-block-47315338164.mgt-promo-block.darken .mgt-promo-block-content {background-color: rgba(10,10,10,0.3)!important;}.mgt-promo-block-47315338164.mgt-promo-block.animated:hover .mgt-promo-block-content {background-color: rgba(0,0,0,0.5)!important;}<\/style><div class=\"mgt-promo-block animated white-text cover-image text-size-normal darken mgt-promo-block-47315338164 wpb_content_element wpb_animate_when_almost_visible wpb_appear\" data-style=\"background-image: url(https:\/\/satoengenharia.com.br\/site\/wp-content\/uploads\/2021\/07\/Visao-aerea-de-terrenos-regularizados-construidos-em-cidade.jpg);background-repeat: no-repeat;width: 100%; height: 220px;\"><div class=\"mgt-promo-block-content va-bottom\"><div class=\"mgt-promo-block-content-inside vc_custom_1626877508770\"><\/div><\/div><\/div>[\/vc_column][vc_column width=&#8221;2\/3&#8243;]<div class=\"mgt-promo-block black-text text-size-normal no-darken mgt-promo-block-47315338664 wpb_content_element\" data-style=\"width: 100%; height: 220px;\"><div class=\"mgt-promo-block-content\"><div class=\"mgt-promo-block-content-inside vc_custom_1629223955560\">\n<h3>REGULARIZA\u00c7\u00c3O FUNDI\u00c1RIA<\/h3>\n<p style=\"text-align: left\">Regulariza\u00e7\u00e3o fundi\u00e1ria \u00e9 o processo no qual est\u00e3o inclusas medidas jur\u00eddicas, urban\u00edsticas, ambientais e sociais, com a finalidade de integrar assentamentos irregulares ao contexto legal da cidade.\n<p style=\"text-align: left\">Este processo pode ser muito facilitado quando realizado por profissionais qualificados, que v\u00e3o encurtar caminhos para que tudo seja feita da forma mais eficiente poss\u00edvel.\n<div class=\"mgt-button-wrapper mgt-button-wrapper-align-left mgt-button-wrapper-display-newline mgt-button-top-margin-disable\"><a class=\"btn hvr-icon-wobble-horizontal mgt-button mgt-style-text mgt-size-normal mgt-align-left mgt-display-newline mgt-text-size-small mgt-button-icon-position-right mgt-text-transform-uppercase \" href=\"https:\/\/wa.me\/5519996170663\" target=\"_blank\">Fale com a gente<i class=\"fa fa-arrow-right\"><\/i><\/a><\/div><\/div><\/div><\/div>[\/vc_column][\/vc_row][\/vc_section][vc_row][vc_column][vc_separator css=&#8221;.vc_custom_1625103226602{margin-top: 20px !important;margin-bottom: 20px !important;}&#8221;][\/vc_column][\/vc_row][vc_section el_id=&#8221;gerenciamento&#8221;][vc_row][vc_column width=&#8221;1\/3&#8243;]<style scoped='scoped'>.mgt-promo-block-47315338164.mgt-promo-block.darken .mgt-promo-block-content {background-color: rgba(10,10,10,0.3)!important;}.mgt-promo-block-47315338164.mgt-promo-block.animated:hover .mgt-promo-block-content {background-color: rgba(0,0,0,0.5)!important;}<\/style><div class=\"mgt-promo-block animated white-text cover-image text-size-normal darken mgt-promo-block-47315338164 wpb_content_element wpb_animate_when_almost_visible wpb_appear\" data-style=\"background-image: url(https:\/\/satoengenharia.com.br\/site\/wp-content\/uploads\/2021\/07\/Engeinheiro-fazendo-gerenciamento-de-obra-no-local-da-construcao.jpg);background-repeat: no-repeat;width: 100%; height: 220px;\"><div class=\"mgt-promo-block-content va-bottom\"><div class=\"mgt-promo-block-content-inside vc_custom_1626877082311\"><\/div><\/div><\/div>[\/vc_column][vc_column width=&#8221;2\/3&#8243;]<div class=\"mgt-promo-block black-text text-size-normal no-darken mgt-promo-block-47315338664 wpb_content_element\" data-style=\"width: 100%; height: 220px;\"><div class=\"mgt-promo-block-content\"><div class=\"mgt-promo-block-content-inside vc_custom_1629223965849\">\n<h3>ENGENHARIA DE PROJETOS<\/h3>\n<p style=\"text-align: left\">A engenharia de projetos \u00e9 tudo que envolve administrar simultaneamente todos os processos durante a execu\u00e7\u00e3o de uma obra, desde as etapas burocr\u00e1ticas at\u00e9 a constru\u00e7\u00e3o de fato.\n<p style=\"text-align: left\">Este papel deve ser assumido por profissionais multidisciplinares, que tenha conhecimento t\u00e9cnico dos custos, contratos, prazos de entrega e materiais e equipamentos necess\u00e1rios para a entrega do servi\u00e7o na qualidade que o cliente espera receber seu sonho.\n<div class=\"mgt-button-wrapper mgt-button-wrapper-align-left mgt-button-wrapper-display-newline mgt-button-top-margin-disable\"><a class=\"btn hvr-icon-wobble-horizontal mgt-button mgt-style-text mgt-size-normal mgt-align-left mgt-display-newline mgt-text-size-small mgt-button-icon-position-right mgt-text-transform-uppercase \" href=\"https:\/\/wa.me\/5519996170663\" target=\"_blank\">Fale com a gente<i class=\"fa fa-arrow-right\"><\/i><\/a><\/div><\/div><\/div><\/div>[\/vc_column][\/vc_row][\/vc_section][vc_row][vc_column][vc_separator css=&#8221;.vc_custom_1625103226602{margin-top: 20px !important;margin-bottom: 20px !important;}&#8221;][\/vc_column][\/vc_row][vc_section el_id=&#8221;execucao&#8221;][vc_row][vc_column width=&#8221;1\/3&#8243;]<style scoped='scoped'>.mgt-promo-block-47315338164.mgt-promo-block.darken .mgt-promo-block-content {background-color: rgba(10,10,10,0.3)!important;}.mgt-promo-block-47315338164.mgt-promo-block.animated:hover .mgt-promo-block-content {background-color: rgba(0,0,0,0.5)!important;}<\/style><div class=\"mgt-promo-block animated white-text cover-image text-size-normal darken mgt-promo-block-47315338164 wpb_content_element wpb_animate_when_almost_visible wpb_appear\" data-style=\"background-image: url(https:\/\/satoengenharia.com.br\/site\/wp-content\/uploads\/2021\/07\/Execucao-construcao-de-obra-civil-com-maquinario-de-engenharia.jpg);background-repeat: no-repeat;width: 100%; height: 220px;\"><div class=\"mgt-promo-block-content va-bottom\"><div class=\"mgt-promo-block-content-inside vc_custom_1626876991927\"><\/div><\/div><\/div>[\/vc_column][vc_column width=&#8221;2\/3&#8243;]<div class=\"mgt-promo-block black-text text-size-normal no-darken mgt-promo-block-47315338664 wpb_content_element\" data-style=\"width: 100%; height: 220px;\"><div class=\"mgt-promo-block-content\"><div class=\"mgt-promo-block-content-inside vc_custom_1629223973829\">\n<h3>EXECU\u00c7\u00c3O DE OBRAS<\/h3>\n<p style=\"text-align: left\">A execu\u00e7\u00e3o de uma obra vai al\u00e9m de visitas peri\u00f3dicas ao local para verifica\u00e7\u00f5es b\u00e1sicas das t\u00e9cnicas e materiais. Executar uma obra exige acompanhamento pr\u00f3ximo de tudo que acontece no canteiro, assegurando a melhor efici\u00eancia e o bom desenvolvimento da constru\u00e7\u00e3o do in\u00edcio ao fim.\n<p style=\"text-align: left\">Com um corpo t\u00e9cnico especializado, vamos executar sua obra com precis\u00e3o e excel\u00eancia, conferindo todos os detalhes para entregar o seu sonho na qualidade que voc\u00ea merece.\n<div class=\"mgt-button-wrapper mgt-button-wrapper-align-left mgt-button-wrapper-display-newline mgt-button-top-margin-disable\"><a class=\"btn hvr-icon-wobble-horizontal mgt-button mgt-style-text mgt-size-normal mgt-align-left mgt-display-newline mgt-text-size-small mgt-button-icon-position-right mgt-text-transform-uppercase \" href=\"https:\/\/wa.me\/5519996170663\" target=\"_blank\">Fale com a gente<i class=\"fa fa-arrow-right\"><\/i><\/a><\/div><\/div><\/div><\/div>[\/vc_column][\/vc_row][\/vc_section][vc_row full_width=&#8221;stretch_row&#8221; css=&#8221;.vc_custom_1625103372822{margin-top: 100px !important;margin-bottom: 100px !important;background-image: url(https:\/\/satoengenharia.com.br\/site\/wp-content\/uploads\/2021\/06\/Engenheiro-fazendo-calculos-para-construcao-de-edificio.jpg?id=3279) !important;}&#8221;][vc_column]<div class=\"mgt-cta-block clearfix white-text with-text no-side-paddings wpb_content_element\" data-style=\"background-color: ;\"><div class=\"mgt-button-wrapper mgt-button-wrapper-align-right mgt-button-wrapper-display-newline mgt-button-top-margin-disable\"><a class=\"btn hvr-sweep-to-bottom mgt-button mgt-style-solid mgt-size-normal mgt-align-right mgt-display-newline mgt-text-size-normal mgt-button-icon-position-left mgt-text-transform-uppercase \" href=\"https:\/\/satoengenharia.com.br\/site\/contato\/\"><i class=\"fa fa-check-square-o\"><\/i>Contato<\/a><\/div><h5 class=\"mgt-cta-block-header\">Entre em contato<\/h5><div class=\"mgt-cta-block-content\">Solicite um or\u00e7amento e coloque seus projetos de constru\u00e7\u00e3o em pr\u00e1tica.<\/div><\/div>[\/vc_column][\/vc_row][vc_row][vc_column width=&#8221;1\/2&#8243;]<div class=\"mgt-header-block clearfix text-left text-black wpb_content_element  mgt-header-block-style-2 mgt-header-texttransform-subheader  vc_custom_1626878176377\"><p class=\"mgt-header-block-subtitle\">FORMUL\u00c1RIO<\/p><h2 class=\"mgt-header-block-title\">Entramos em contato com voc\u00ea<\/h2><div class=\"mgt-header-line\"><\/div><\/div>\n<div class=\"wpcf7 no-js\" id=\"wpcf7-f1874-o1\" lang=\"en-US\" dir=\"ltr\">\n<div class=\"screen-reader-response\"><p role=\"status\" aria-live=\"polite\" aria-atomic=\"true\"><\/p> <ul><\/ul><\/div>\n<form action=\"\/site\/wp-json\/wp\/v2\/pages\/461#wpcf7-f1874-o1\" method=\"post\" class=\"wpcf7-form init\" aria-label=\"Contact form\" novalidate=\"novalidate\" data-status=\"init\">\n<div style=\"display: none;\">\n<input type=\"hidden\" name=\"_wpcf7\" value=\"1874\" \/>\n<input type=\"hidden\" name=\"_wpcf7_version\" value=\"5.9.3\" \/>\n<input type=\"hidden\" name=\"_wpcf7_locale\" value=\"en_US\" \/>\n<input type=\"hidden\" name=\"_wpcf7_unit_tag\" value=\"wpcf7-f1874-o1\" \/>\n<input type=\"hidden\" name=\"_wpcf7_container_post\" value=\"0\" \/>\n<input type=\"hidden\" name=\"_wpcf7_posted_data_hash\" value=\"\" \/>\n<\/div>\n<div class=\"row\">\n\t<p><span id=\"txt-obrg\">*Obrigat\u00f3rio<\/span>\n\t<\/p>\n\t<div class=\"col-md-6\">\n\t\t<p><span class=\"wpcf7-form-control-wrap\" data-name=\"your-name\"><input size=\"40\" class=\"wpcf7-form-control wpcf7-text wpcf7-validates-as-required\" aria-required=\"true\" aria-invalid=\"false\" placeholder=\"Nome*\" value=\"\" type=\"text\" name=\"your-name\" \/><\/span>\n\t\t<\/p>\n\t<\/div>\n\t<div class=\"col-md-6\">\n\t\t<p><span class=\"wpcf7-form-control-wrap\" data-name=\"your-phone\"><input size=\"40\" class=\"wpcf7-form-control wpcf7-text wpcf7-validates-as-required\" aria-required=\"true\" aria-invalid=\"false\" placeholder=\"Telefone*\" value=\"\" type=\"text\" name=\"your-phone\" \/><\/span>\n\t\t<\/p>\n\t<\/div>\n\t<div class=\"col-md-12\">\n\t\t<p><span class=\"wpcf7-form-control-wrap\" data-name=\"your-email\"><input size=\"40\" class=\"wpcf7-form-control wpcf7-email wpcf7-text wpcf7-validates-as-email\" aria-invalid=\"false\" placeholder=\"E-mail\" value=\"\" type=\"email\" name=\"your-email\" \/><\/span>\n\t\t<\/p>\n\t\t<p><span class=\"wpcf7-form-control-wrap\" data-name=\"your-message\"><textarea cols=\"40\" rows=\"10\" class=\"wpcf7-form-control wpcf7-textarea\" aria-invalid=\"false\" placeholder=\"Mensagem\" name=\"your-message\"><\/textarea><\/span><br \/>\n<input class=\"wpcf7-form-control wpcf7-submit has-spinner\" type=\"submit\" value=\"Enviar\" \/>\n\t\t<\/p>\n\t<\/div>\n<\/div><div class=\"wpcf7-response-output\" aria-hidden=\"true\"><\/div>\n<\/form>\n<\/div>\n[\/vc_column][vc_column width=&#8221;1\/2&#8243;][vc_gmaps link=&#8221;#E-8_JTNDaWZyYW1lJTIwc3JjJTNEJTIyaHR0cHMlM0ElMkYlMkZ3d3cuZ29vZ2xlLmNvbSUyRm1hcHMlMkZlbWJlZCUzRnBiJTNEJTIxMW0xOCUyMTFtMTIlMjExbTMlMjExZDM2NzkuOTU1ODg5ODI4NjM5NiUyMTJkLTQ3LjY1NTY4MjM0ODgzMjYzNCUyMTNkLTIyLjcyOTg4MDgzNzIyNTA3NSUyMTJtMyUyMTFmMCUyMTJmMCUyMTNmMCUyMTNtMiUyMTFpMTAyNCUyMTJpNzY4JTIxNGYxMy4xJTIxM20zJTIxMW0yJTIxMXMweDk0YzYzMWE2ZDgzOGI2YWIlMjUzQTB4MzgxNmJhZWI3OWRlZTQ3MyUyMTJzU2F0byUyNTIwJTI1MjYlMjUyME1hbG9zc28lMjUyMEVuZ2VuaGFyaWElMjUyMGUlMjUyMEFzc2Vzc29yaWElMjUyMEx0ZGEuJTIxNWUwJTIxM20yJTIxMXNlbiUyMTJzYnIlMjE0djE2MjUxMDg2MDY2MTglMjE1bTIlMjExc2VuJTIxMnNiciUyMiUyMHdpZHRoJTNEJTIyNjAwJTIyJTIwaGVpZ2h0JTNEJTIyNDUwJTIyJTIwc3R5bGUlM0QlMjJib3JkZXIlM0EwJTNCJTIyJTIwYWxsb3dmdWxsc2NyZWVuJTNEJTIyJTIyJTIwbG9hZGluZyUzRCUyMmxhenklMjIlM0UlM0MlMkZpZnJhbWUlM0U=&#8221;][\/vc_column][\/vc_row]<\/p>\n","protected":false},"excerpt":{"rendered":"<p>[vc_section el_id=&#8221;regularizacao&#8221;][vc_row][vc_column width=&#8221;1\/3&#8243;][\/vc_column][vc_column width=&#8221;2\/3&#8243;][\/vc_column][\/vc_row][\/vc_section][vc_row][vc_column][vc_separator css=&#8221;.vc_custom_1625103226602{margin-top: 20px !important;margin-bottom: 20px !important;}&#8221;][\/vc_column][\/vc_row][vc_section el_id=&#8221;gerenciamento&#8221;][vc_row][vc_column width=&#8221;1\/3&#8243;][\/vc_column][vc_column width=&#8221;2\/3&#8243;][\/vc_column][\/vc_row][\/vc_section][vc_row][vc_column][vc_separator css=&#8221;.vc_custom_1625103226602{margin-top: 20px !important;margin-bottom: 20px !important;}&#8221;][\/vc_column][\/vc_row][vc_section el_id=&#8221;execucao&#8221;][vc_row][vc_column width=&#8221;1\/3&#8243;][\/vc_column][vc_column width=&#8221;2\/3&#8243;][\/vc_column][\/vc_row][\/vc_section][vc_row full_width=&#8221;stretch_row&#8221; css=&#8221;.vc_custom_1625103372822{margin-top: 100px !important;margin-bottom: 100px !important;background-image: url(https:\/\/satoengenharia.com.br\/site\/wp-content\/uploads\/2021\/06\/Engenheiro-fazendo-calculos-para-construcao-de-edificio.jpg?id=3279) !important;}&#8221;][vc_column][\/vc_column][\/vc_row][vc_row][vc_column width=&#8221;1\/2&#8243;][\/vc_column][vc_column width=&#8221;1\/2&#8243;][vc_gmaps&#8230;<\/p>\n","protected":false},"author":1,"featured_media":3339,"parent":0,"menu_order":0,"comment_status":"closed","ping_status":"closed","template":"","meta":{"footnotes":""},"yoast_head":"<!-- This site is optimized with the Yoast SEO Premium plugin v16.1 (Yoast SEO v22.5) - https:\/\/yoast.com\/wordpress\/plugins\/seo\/ -->\n<title>Regulariza\u00e7\u00e3o - Execu\u00e7\u00e3o - Engenharia de Projetos - Sato &amp; Malosso<\/title>\n<meta name=\"description\" content=\"Com um corpo t\u00e9cnico especializado, vamos executar sua obra com precis\u00e3o e excel\u00eancia, conferindo todos os detalhes para entregar o seu sonho.\" \/>\n<meta name=\"robots\" content=\"index, follow, max-snippet:-1, max-image-preview:large, max-video-preview:-1\" \/>\n<link rel=\"canonical\" href=\"https:\/\/satoengenharia.com.br\/site\/regularizacao-execucao-engenharia-de-projetos\/\" \/>\n<meta property=\"og:locale\" content=\"pt_BR\" \/>\n<meta property=\"og:type\" content=\"article\" \/>\n<meta property=\"og:title\" content=\"Regulariza\u00e7\u00e3o - Execu\u00e7\u00e3o - Engenharia de Projetos - Sato &amp; Malosso Engenharia\" \/>\n<meta property=\"og:description\" content=\"Com um corpo t\u00e9cnico especializado, vamos executar sua obra com precis\u00e3o e excel\u00eancia, conferindo todos os detalhes para entregar o seu sonho.\" \/>\n<meta property=\"og:url\" content=\"https:\/\/satoengenharia.com.br\/site\/regularizacao-execucao-engenharia-de-projetos\/\" \/>\n<meta property=\"og:site_name\" content=\"Sato &amp; Malosso\" \/>\n<meta property=\"article:modified_time\" content=\"2021-12-21T14:13:31+00:00\" \/>\n<meta property=\"og:image\" content=\"https:\/\/satoengenharia.com.br\/site\/wp-content\/uploads\/2021\/07\/Capacete-de-engenheiro-em-cima-de-um-projeto-de-construcao-com-obra-ao-fundo.jpg\" \/>\n\t<meta property=\"og:image:width\" content=\"1732\" \/>\n\t<meta property=\"og:image:height\" content=\"1155\" \/>\n\t<meta property=\"og:image:type\" content=\"image\/jpeg\" \/>\n<meta name=\"twitter:card\" content=\"summary_large_image\" \/>\n<meta name=\"twitter:label1\" content=\"Est. tempo de leitura\" \/>\n\t<meta name=\"twitter:data1\" content=\"2 minutos\" \/>\n<script type=\"application\/ld+json\" class=\"yoast-schema-graph\">{\"@context\":\"https:\/\/schema.org\",\"@graph\":[{\"@type\":\"WebPage\",\"@id\":\"https:\/\/satoengenharia.com.br\/site\/regularizacao-execucao-engenharia-de-projetos\/\",\"url\":\"https:\/\/satoengenharia.com.br\/site\/regularizacao-execucao-engenharia-de-projetos\/\",\"name\":\"Regulariza\u00e7\u00e3o - Execu\u00e7\u00e3o - Engenharia de Projetos - Sato &amp; Malosso\",\"isPartOf\":{\"@id\":\"https:\/\/satoengenharia.com.br\/site\/#website\"},\"primaryImageOfPage\":{\"@id\":\"https:\/\/satoengenharia.com.br\/site\/regularizacao-execucao-engenharia-de-projetos\/#primaryimage\"},\"image\":{\"@id\":\"https:\/\/satoengenharia.com.br\/site\/regularizacao-execucao-engenharia-de-projetos\/#primaryimage\"},\"thumbnailUrl\":\"https:\/\/satoengenharia.com.br\/site\/wp-content\/uploads\/2021\/07\/Capacete-de-engenheiro-em-cima-de-um-projeto-de-construcao-com-obra-ao-fundo.jpg\",\"datePublished\":\"2016-03-31T16:04:22+00:00\",\"dateModified\":\"2021-12-21T14:13:31+00:00\",\"description\":\"Com um corpo t\u00e9cnico especializado, vamos executar sua obra com precis\u00e3o e excel\u00eancia, conferindo todos os detalhes para entregar o seu sonho.\",\"breadcrumb\":{\"@id\":\"https:\/\/satoengenharia.com.br\/site\/regularizacao-execucao-engenharia-de-projetos\/#breadcrumb\"},\"inLanguage\":\"pt-BR\",\"potentialAction\":[{\"@type\":\"ReadAction\",\"target\":[\"https:\/\/satoengenharia.com.br\/site\/regularizacao-execucao-engenharia-de-projetos\/\"]}]},{\"@type\":\"ImageObject\",\"inLanguage\":\"pt-BR\",\"@id\":\"https:\/\/satoengenharia.com.br\/site\/regularizacao-execucao-engenharia-de-projetos\/#primaryimage\",\"url\":\"https:\/\/satoengenharia.com.br\/site\/wp-content\/uploads\/2021\/07\/Capacete-de-engenheiro-em-cima-de-um-projeto-de-construcao-com-obra-ao-fundo.jpg\",\"contentUrl\":\"https:\/\/satoengenharia.com.br\/site\/wp-content\/uploads\/2021\/07\/Capacete-de-engenheiro-em-cima-de-um-projeto-de-construcao-com-obra-ao-fundo.jpg\",\"width\":1732,\"height\":1155,\"caption\":\"Com um corpo t\u00e9cnico especializado, vamos executar sua obra com precis\u00e3o e excel\u00eancia, conferindo todos os detalhes para entregar o seu sonho.\"},{\"@type\":\"BreadcrumbList\",\"@id\":\"https:\/\/satoengenharia.com.br\/site\/regularizacao-execucao-engenharia-de-projetos\/#breadcrumb\",\"itemListElement\":[{\"@type\":\"ListItem\",\"position\":1,\"name\":\"Home\",\"item\":\"https:\/\/satoengenharia.com.br\/site\/\"},{\"@type\":\"ListItem\",\"position\":2,\"name\":\"Servi\u00e7os\"}]},{\"@type\":\"WebSite\",\"@id\":\"https:\/\/satoengenharia.com.br\/site\/#website\",\"url\":\"https:\/\/satoengenharia.com.br\/site\/\",\"name\":\"Sato &amp; Malosso\",\"description\":\"Engenharia\",\"potentialAction\":[{\"@type\":\"SearchAction\",\"target\":{\"@type\":\"EntryPoint\",\"urlTemplate\":\"https:\/\/satoengenharia.com.br\/site\/?s={search_term_string}\"},\"query-input\":\"required name=search_term_string\"}],\"inLanguage\":\"pt-BR\"}]}<\/script>\n<!-- \/ Yoast SEO Premium plugin. -->","yoast_head_json":{"title":"Regulariza\u00e7\u00e3o - Execu\u00e7\u00e3o - Engenharia de Projetos - Sato &amp; Malosso","description":"Com um corpo t\u00e9cnico especializado, vamos executar sua obra com precis\u00e3o e excel\u00eancia, conferindo todos os detalhes para entregar o seu sonho.","robots":{"index":"index","follow":"follow","max-snippet":"max-snippet:-1","max-image-preview":"max-image-preview:large","max-video-preview":"max-video-preview:-1"},"canonical":"https:\/\/satoengenharia.com.br\/site\/regularizacao-execucao-engenharia-de-projetos\/","og_locale":"pt_BR","og_type":"article","og_title":"Regulariza\u00e7\u00e3o - Execu\u00e7\u00e3o - Engenharia de Projetos - Sato & Malosso Engenharia","og_description":"Com um corpo t\u00e9cnico especializado, vamos executar sua obra com precis\u00e3o e excel\u00eancia, conferindo todos os detalhes para entregar o seu sonho.","og_url":"https:\/\/satoengenharia.com.br\/site\/regularizacao-execucao-engenharia-de-projetos\/","og_site_name":"Sato &amp; Malosso","article_modified_time":"2021-12-21T14:13:31+00:00","og_image":[{"width":1732,"height":1155,"url":"https:\/\/satoengenharia.com.br\/site\/wp-content\/uploads\/2021\/07\/Capacete-de-engenheiro-em-cima-de-um-projeto-de-construcao-com-obra-ao-fundo.jpg","type":"image\/jpeg"}],"twitter_card":"summary_large_image","twitter_misc":{"Est. tempo de leitura":"2 minutos"},"schema":{"@context":"https:\/\/schema.org","@graph":[{"@type":"WebPage","@id":"https:\/\/satoengenharia.com.br\/site\/regularizacao-execucao-engenharia-de-projetos\/","url":"https:\/\/satoengenharia.com.br\/site\/regularizacao-execucao-engenharia-de-projetos\/","name":"Regulariza\u00e7\u00e3o - Execu\u00e7\u00e3o - Engenharia de Projetos - Sato &amp; Malosso","isPartOf":{"@id":"https:\/\/satoengenharia.com.br\/site\/#website"},"primaryImageOfPage":{"@id":"https:\/\/satoengenharia.com.br\/site\/regularizacao-execucao-engenharia-de-projetos\/#primaryimage"},"image":{"@id":"https:\/\/satoengenharia.com.br\/site\/regularizacao-execucao-engenharia-de-projetos\/#primaryimage"},"thumbnailUrl":"https:\/\/satoengenharia.com.br\/site\/wp-content\/uploads\/2021\/07\/Capacete-de-engenheiro-em-cima-de-um-projeto-de-construcao-com-obra-ao-fundo.jpg","datePublished":"2016-03-31T16:04:22+00:00","dateModified":"2021-12-21T14:13:31+00:00","description":"Com um corpo t\u00e9cnico especializado, vamos executar sua obra com precis\u00e3o e excel\u00eancia, conferindo todos os detalhes para entregar o seu sonho.","breadcrumb":{"@id":"https:\/\/satoengenharia.com.br\/site\/regularizacao-execucao-engenharia-de-projetos\/#breadcrumb"},"inLanguage":"pt-BR","potentialAction":[{"@type":"ReadAction","target":["https:\/\/satoengenharia.com.br\/site\/regularizacao-execucao-engenharia-de-projetos\/"]}]},{"@type":"ImageObject","inLanguage":"pt-BR","@id":"https:\/\/satoengenharia.com.br\/site\/regularizacao-execucao-engenharia-de-projetos\/#primaryimage","url":"https:\/\/satoengenharia.com.br\/site\/wp-content\/uploads\/2021\/07\/Capacete-de-engenheiro-em-cima-de-um-projeto-de-construcao-com-obra-ao-fundo.jpg","contentUrl":"https:\/\/satoengenharia.com.br\/site\/wp-content\/uploads\/2021\/07\/Capacete-de-engenheiro-em-cima-de-um-projeto-de-construcao-com-obra-ao-fundo.jpg","width":1732,"height":1155,"caption":"Com um corpo t\u00e9cnico especializado, vamos executar sua obra com precis\u00e3o e excel\u00eancia, conferindo todos os detalhes para entregar o seu sonho."},{"@type":"BreadcrumbList","@id":"https:\/\/satoengenharia.com.br\/site\/regularizacao-execucao-engenharia-de-projetos\/#breadcrumb","itemListElement":[{"@type":"ListItem","position":1,"name":"Home","item":"https:\/\/satoengenharia.com.br\/site\/"},{"@type":"ListItem","position":2,"name":"Servi\u00e7os"}]},{"@type":"WebSite","@id":"https:\/\/satoengenharia.com.br\/site\/#website","url":"https:\/\/satoengenharia.com.br\/site\/","name":"Sato &amp; Malosso","description":"Engenharia","potentialAction":[{"@type":"SearchAction","target":{"@type":"EntryPoint","urlTemplate":"https:\/\/satoengenharia.com.br\/site\/?s={search_term_string}"},"query-input":"required name=search_term_string"}],"inLanguage":"pt-BR"}]}},"_links":{"self":[{"href":"https:\/\/satoengenharia.com.br\/site\/wp-json\/wp\/v2\/pages\/461"}],"collection":[{"href":"https:\/\/satoengenharia.com.br\/site\/wp-json\/wp\/v2\/pages"}],"about":[{"href":"https:\/\/satoengenharia.com.br\/site\/wp-json\/wp\/v2\/types\/page"}],"author":[{"embeddable":true,"href":"https:\/\/satoengenharia.com.br\/site\/wp-json\/wp\/v2\/users\/1"}],"replies":[{"embeddable":true,"href":"https:\/\/satoengenharia.com.br\/site\/wp-json\/wp\/v2\/comments?post=461"}],"version-history":[{"count":32,"href":"https:\/\/satoengenharia.com.br\/site\/wp-json\/wp\/v2\/pages\/461\/revisions"}],"predecessor-version":[{"id":3711,"href":"https:\/\/satoengenharia.com.br\/site\/wp-json\/wp\/v2\/pages\/461\/revisions\/3711"}],"wp:featuredmedia":[{"embeddable":true,"href":"https:\/\/satoengenharia.com.br\/site\/wp-json\/wp\/v2\/media\/3339"}],"wp:attachment":[{"href":"https:\/\/satoengenharia.com.br\/site\/wp-json\/wp\/v2\/media?parent=461"}],"curies":[{"name":"wp","href":"https:\/\/api.w.org\/{rel}","templated":true}]}}